{"id":93,"date":"2024-03-17T20:58:03","date_gmt":"2024-03-17T20:58:03","guid":{"rendered":"https:\/\/staretloki.85studio.pl\/?page_id=93"},"modified":"2024-05-12T21:59:14","modified_gmt":"2024-05-12T21:59:14","slug":"ii-rajd-starych-tlokow","status":"publish","type":"page","link":"https:\/\/staretloki.85studio.pl\/index.php\/ii-rajd-starych-tlokow\/","title":{"rendered":"II Rajd Starych T\u0142ok\u00f3w"},"content":{"rendered":"\n<figure class=\"wp-block-image size-large\"><img loading=\"lazy\" decoding=\"async\" width=\"1024\" height=\"512\" src=\"https:\/\/staretloki.85studio.pl\/wp-content\/uploads\/2024\/03\/fb_rajd_24_01-1024x512.jpg\" alt=\"\" class=\"wp-image-95\" srcset=\"https:\/\/staretloki.85studio.pl\/wp-content\/uploads\/2024\/03\/fb_rajd_24_01-1024x512.jpg 1024w, https:\/\/staretloki.85studio.pl\/wp-content\/uploads\/2024\/03\/fb_rajd_24_01-600x300.jpg 600w, https:\/\/staretloki.85studio.pl\/wp-content\/uploads\/2024\/03\/fb_rajd_24_01-300x150.jpg 300w, https:\/\/staretloki.85studio.pl\/wp-content\/uploads\/2024\/03\/fb_rajd_24_01-768x384.jpg 768w, https:\/\/staretloki.85studio.pl\/wp-content\/uploads\/2024\/03\/fb_rajd_24_01-1536x768.jpg 1536w, https:\/\/staretloki.85studio.pl\/wp-content\/uploads\/2024\/03\/fb_rajd_24_01-2048x1024.jpg 2048w\" sizes=\"auto, (max-width: 1024px) 100vw, 1024px\" \/><\/figure>\n\n\n\n<p style=\"font-size:28px\"><strong>Zapraszamy wszystkich ch\u0119tnych do zg\u0142oszenia udzia\u0142u w II Rajdzie Starych T\u0142ok\u00f3w. <\/strong><\/p>\n\n\n\n<h4 class=\"wp-block-heading\"><strong>Start w sobot\u0119 25 maja 2024 z b\u0142oni przy k\u0105pielisku &#8222;Patyki&#8221;, Kolonia \u0141obudzice, 97-425 ko\u0142o Zelowa<\/strong>.<\/h4>\n\n\n\n<p class=\"has-body-text-font-size\">Motocykle wystartuj\u0105 o godzine <strong>8:30<\/strong>, samochody osobowe o godzinie<strong> 9:00<\/strong>. Oczywi\u015bcie na rajd zarezerwujcie ca\u0142y dzie\u0144.<br>Dlatego prosimy o przyjazd na miejsce do godziny <strong>8:15<\/strong>, tak by starczy\u0142o Wam czasu na podpisanie Regulaminu, odbi\u00f3r pakiet\u00f3w startowych, naklejenie numer\u00f3w startowych oraz wst\u0119pne zapoznanie si\u0119 z tras\u0105 Rajdu. <br><strong>Wsp\u00f3\u0142rz\u0119dne<\/strong> <strong>miejsca startu<\/strong>: 51\u00b027&#8217;25.5&#8243;N 19\u00b015&#8217;41.3&#8243;E,    <a href=\"https:\/\/www.google.com\/maps\/place\/51%C2%B027'25.5%22N+19%C2%B015'41.3%22E\/@51.4570833,19.2614722,17z\/data=!3m1!4b1!4m4!3m3!8m2!3d51.4570833!4d19.2614722?entry=ttu\" data-type=\"URL\" data-id=\"https:\/\/www.google.com\/maps\/place\/51%C2%B027'25.5%22N+19%C2%B015'41.3%22E\/@51.4570833,19.2614722,17z\/data=!3m1!4b1!4m4!3m3!8m2!3d51.4570833!4d19.2614722?entry=ttu\"><strong>zobacz na mapie<\/strong><\/a> <a href=\"https:\/\/www.google.com\/maps\/place\/51%C2%B027'25.5%22N+19%C2%B015'41.3%22E\/@51.4570833,19.2614722,17z\/data=!3m1!4b1!4m4!3m3!8m2!3d51.4570833!4d19.2614722?entry=ttu\"><img loading=\"lazy\" decoding=\"async\" width=\"40\" height=\"40\" class=\"wp-image-98\" style=\"width: 40px;\" src=\"https:\/\/staretloki.85studio.pl\/wp-content\/uploads\/2024\/03\/location_53876-25530.png\" alt=\"\" srcset=\"https:\/\/staretloki.85studio.pl\/wp-content\/uploads\/2024\/03\/location_53876-25530.png 338w, https:\/\/staretloki.85studio.pl\/wp-content\/uploads\/2024\/03\/location_53876-25530-300x300.png 300w, https:\/\/staretloki.85studio.pl\/wp-content\/uploads\/2024\/03\/location_53876-25530-100x100.png 100w, https:\/\/staretloki.85studio.pl\/wp-content\/uploads\/2024\/03\/location_53876-25530-150x150.png 150w\" sizes=\"auto, (max-width: 40px) 100vw, 40px\" \/><\/a><\/p>\n\n\n\n<p>W tym roku <strong>do pokonania mamy oko\u0142o<\/strong> <strong>190km<\/strong>, (trasa z I Rajdu mia\u0142a realnie 180km). po drodze czekaj\u0105 na Was r\u00f3\u017cne zadania do wykonania. B\u0119dzie troch\u0119 historii i troch\u0119 natury, b\u0119dzie asfalt i szutry, ale przede wszystkim du\u017co \u015bwietnej, starej motoryzacji. Zabierzcie rodzin\u0119 i znajomych, we\u017acie ze sob\u0105 swoje pociechy i du\u017co dobrego humoru! <br><\/p>\n\n\n\n<hr class=\"wp-block-separator has-alpha-channel-opacity\"\/>\n\n\n\n<h4 class=\"wp-block-heading\">W sk\u00f3rcie, aby wystartowa\u0107 w II Rajdzie Starych T\u0142ok\u00f3w:<\/h4>\n\n\n\n<p><strong>1. <\/strong>Zapoznaj si\u0119 z <a href=\"https:\/\/staretloki.85studio.pl\/wp-content\/uploads\/2024\/03\/regulamin-rajd-BP_new_2024.pdf\">Regulaminem Rajdu<\/a> <a href=\"https:\/\/staretloki.85studio.pl\/wp-content\/uploads\/2024\/03\/regulamin-rajd-BP_new_2024.pdf\">pobierz pdf<\/a> <a href=\"https:\/\/staretloki.85studio.pl\/wp-content\/uploads\/2024\/03\/regulamin-rajd-BP_new_2024.pdf\" data-type=\"URL\" data-id=\"https:\/\/staretloki.85studio.pl\/wp-content\/uploads\/2024\/03\/regulamin-rajd-BP_new_2024.pdf\"><img loading=\"lazy\" decoding=\"async\" width=\"20\" height=\"20\" class=\"wp-image-41\" style=\"width: 20px;\" src=\"https:\/\/staretloki.85studio.pl\/wp-content\/uploads\/2023\/04\/\u2014Pngtree\u2014vector-pdf-icon_4232036.png\" alt=\"\" srcset=\"https:\/\/staretloki.85studio.pl\/wp-content\/uploads\/2023\/04\/\u2014Pngtree\u2014vector-pdf-icon_4232036.png 1024w, https:\/\/staretloki.85studio.pl\/wp-content\/uploads\/2023\/04\/\u2014Pngtree\u2014vector-pdf-icon_4232036-300x300.png 300w, https:\/\/staretloki.85studio.pl\/wp-content\/uploads\/2023\/04\/\u2014Pngtree\u2014vector-pdf-icon_4232036-100x100.png 100w, https:\/\/staretloki.85studio.pl\/wp-content\/uploads\/2023\/04\/\u2014Pngtree\u2014vector-pdf-icon_4232036-600x600.png 600w, https:\/\/staretloki.85studio.pl\/wp-content\/uploads\/2023\/04\/\u2014Pngtree\u2014vector-pdf-icon_4232036-150x150.png 150w, https:\/\/staretloki.85studio.pl\/wp-content\/uploads\/2023\/04\/\u2014Pngtree\u2014vector-pdf-icon_4232036-768x768.png 768w\" sizes=\"auto, (max-width: 20px) 100vw, 20px\" \/><\/a><br><strong>2. <\/strong>Dokonaj rejestracji poprzez formularz, kt\u00f3ry znajduje si\u0119 na dole tej strony. (Formularz b\u0119dzie aktywny od 29\/3\/2024 do 12\/5\/2024 godz 23:59)<strong><br>3. <\/strong>Wykonaj wp\u0142at\u0119 wpisowego. (Na zaksi\u0119gowanie wp\u0142aty na koncie czekamy maksymalnie do dnia 13\/5\/2024 godz: 23:59.)<strong><br>4. <\/strong>Oczekuj na akceptacj\u0119 mailow\u0105 Organizatora. (Powinni\u015bcie otrzyma\u0107 email z pozytywn\u0105 lub negatywn\u0105 weryfikacj\u0105 zg\u0142oszenia do 3 dni od wp\u0142aty wpisowego)<strong><br>5. <\/strong>Szykuj si\u0119 do Rajdu \ud83d\ude42<\/p>\n\n\n\n<hr class=\"wp-block-separator has-alpha-channel-opacity\"\/>\n\n\n\n<h4 class=\"wp-block-heading\">Regulamin II Rajdu Starych T\u0142ok\u00f3w &#8211; <a href=\"https:\/\/staretloki.85studio.pl\/wp-content\/uploads\/2024\/03\/regulamin-rajd-BP_new_2024.pdf\" data-type=\"URL\" data-id=\"https:\/\/staretloki.85studio.pl\/wp-content\/uploads\/2024\/03\/regulamin-rajd-BP_new_2024.pdf\">pobierz PDF<\/a> <a href=\"https:\/\/staretloki.85studio.pl\/wp-content\/uploads\/2024\/03\/regulamin-rajd-BP_new_2024.pdf\" data-type=\"URL\" data-id=\"https:\/\/staretloki.85studio.pl\/wp-content\/uploads\/2024\/03\/regulamin-rajd-BP_new_2024.pdf\"><img loading=\"lazy\" decoding=\"async\" width=\"30\" height=\"30\" class=\"wp-image-41\" style=\"width: 30px;\" src=\"https:\/\/staretloki.85studio.pl\/wp-content\/uploads\/2023\/04\/\u2014Pngtree\u2014vector-pdf-icon_4232036.png\" alt=\"\" srcset=\"https:\/\/staretloki.85studio.pl\/wp-content\/uploads\/2023\/04\/\u2014Pngtree\u2014vector-pdf-icon_4232036.png 1024w, https:\/\/staretloki.85studio.pl\/wp-content\/uploads\/2023\/04\/\u2014Pngtree\u2014vector-pdf-icon_4232036-300x300.png 300w, https:\/\/staretloki.85studio.pl\/wp-content\/uploads\/2023\/04\/\u2014Pngtree\u2014vector-pdf-icon_4232036-100x100.png 100w, https:\/\/staretloki.85studio.pl\/wp-content\/uploads\/2023\/04\/\u2014Pngtree\u2014vector-pdf-icon_4232036-600x600.png 600w, https:\/\/staretloki.85studio.pl\/wp-content\/uploads\/2023\/04\/\u2014Pngtree\u2014vector-pdf-icon_4232036-150x150.png 150w, https:\/\/staretloki.85studio.pl\/wp-content\/uploads\/2023\/04\/\u2014Pngtree\u2014vector-pdf-icon_4232036-768x768.png 768w\" sizes=\"auto, (max-width: 30px) 100vw, 30px\" \/><\/a><\/h4>\n\n\n\n<hr class=\"wp-block-separator has-alpha-channel-opacity\"\/>\n\n\n\n<h4 class=\"wp-block-heading\">Wa\u017cne info o rajdzie<\/h4>\n\n\n\n<p><strong>1<\/strong>. Nie \u015bcigamy si\u0119 na czas, to nie s\u0105 zawody sportowe. Spotykamy si\u0119 dla dobrej zabawy.<\/p>\n\n\n\n<p><strong>2.<\/strong> Trasa rajdu pozostanie nieujawniona a\u017c do dnia startu. <br><br><strong>3.<\/strong> Na starcie ka\u017cdy zesp\u00f3\u0142 otrzyma indywidualne numery startowe do naklejenia na sw\u00f3j pojazd, oraz paszport rajdu, z kt\u00f3rego dowiecie si\u0119 jaka jest trasa rajdu i jakie s\u0105 zadania do wykonania. Po drodze b\u0119dziecie mieli do odwiedzenia ciekawe miejsca i do wykonania r\u00f3\u017cne zadania. Na mecie wrzucicie do urny wype\u0142nione paszporty, kt\u00f3re wezm\u0105 udzia\u0142 w losowaniu nagr\u00f3d w niedziel\u0119 26 maja na Wystawie Pojazd\u00f3w Zabytkowych w Zelowie. <br><br><strong>4<\/strong>. Do udzia\u0142u w Rajdzie zapraszamy wszystkich z pojazdami wyprodukowanymi <strong>do 1994<\/strong> roku oraz m\u0142odszymi unikatowymi\/wyj\u0105tkowymi pojazdami. <br>(oczywi\u015bcie dopuszczone b\u0119d\u0105 wszystkie pojazdy z by\u0142ego bloku wschodniego m\u0142odsze ni\u017c 1994, ale r\u00f3wnie\u017c auta takie jak np. Volvo 940 1997)<br>ka\u017cde zg\u0142oszenie m\u0142odszego auta zostanie indywidualnie zweryfikowane przez organizatora.<br><br><strong>5<\/strong>. Na rajd obowi\u0105zuj\u0105 zapisy. Zg\u0142oszenie wysy\u0142a tylko KIEROWCA\/W\u0141A\u015aCICIEL POJAZDU, kt\u00f3ry jest jednocze\u015bnie LIDEREM ZA\u0141OGI za pomoc\u0105 formularza umieszczonego poni\u017cej. <br><strong>Formularz b\u0119dzie aktywny od 29\/3\/2024 do 12\/5\/2024 godz 23:59<\/strong><br>Po jego wys\u0142aniu powinni\u015bcie otrzyma\u0107 na e-mail automatyczn\u0105 odpowied\u017a o przyj\u0119ciu zg\u0142oszenia.<br>Natomiast pozytywn\u0105 lub negatywn\u0105 weryfikacj\u0119 zg\u0142oszenia otrzymacie od nas na maila w informacji zwrotnej po zaksi\u0119gowaniu wp\u0142aty wpisowego.<br><br><strong>6<\/strong>. Na Rajd obowi\u0105zuje wpisowe <strong>70z\u0142 p\u0142atne<\/strong> <strong>tylko przelewem na rachunek bankowy<\/strong>. <br>Dane do wp\u0142at: Studio 85, ul. Berylowa 1, 97-400 Be\u0142chat\u00f3w. nr rachunku: 48 1160 2202 0000 0001 1418 7273 (Millenium Bank)<br>w tytule wp\u0142aty prosimy wpisywa\u0107:<strong> Pakiet Startowy, Rajd Starych T\u0142ok\u00f3w oraz nr rejestracyjny pojazdu podanego przy rejestracji. <\/strong><br>(np. Pakiet Startowy, Rajd Starych T\u0142ok\u00f3w, EBE 02145)<\/p>\n\n\n\n<p><strong>Na zaksi\u0119gowanie wp\u0142aty na koncie czekamy maksymalnie do dnia 13\/5\/2024 godz: 23:59<\/strong>. <br>Po tym terminie nie b\u0119dziesz m\u00f3g\u0142 ju\u017c dop\u0142aci\u0107, donie\u015b\u0107, ani wys\u0142a\u0107 pieni\u0119dzy go\u0142\u0119biem pocztowym \ud83d\ude42<br>&#8211; Je\u015bli dokonasz rejestracji, ale nie wykonasz wp\u0142aty &#8211; zg\u0142oszenie b\u0119dzie niewa\u017cne. <br>&#8211; Je\u015bli dokonasz rejestracji i wp\u0142acisz wpisowe, ale nie pojawisz si\u0119 na starcie i nie przyjedziesz na Rajd &#8211; nie zwracamy wpisowego. Wtedy Tw\u00f3j pakiet startowy b\u0119dzie czeka\u0142 do odbioru osobistego do dnia 7\/6\/2024 w siedzibie naszego partnera Studio 85, ul. Berylowa 1, 97-400 Be\u0142chat\u00f3w. Je\u015bli si\u0119 po niego nie zjawisz &#8211; pakiet zostanie wys\u0142any na adres podany w rejestracji za pobraniem kwoty 25z\u0142 (koszty wysy\u0142ki kurierskiej). Je\u015bli paczki nie odbierzesz i do nas wr\u00f3ci &#8211; Tw\u00f3j pakiet przepada bezpowrotnie.<br>&#8211; Je\u015bli dokonasz rejestracji i wp\u0142acisz wpisowe w terminie, ale Tw\u00f3j pojazd zostanie przez nas odrzucony &#8211; zg\u0142oszenie b\u0119dzie niewa\u017cne a wpisowe zwr\u00f3cone na rachunek bankowy do 3 dni roboczych od dnia wp\u0142aty. <br><br> <strong>W ramach 70z\u0142 wpisowego otrzymujecie:<\/strong><br>&#8211; 1 koszulk\u0119 t-shirt z nadrukiem dwustronnym z grafik\u0105 z tej edycji rajdu, rozmiar i rodzaj koszulki wybieracie sami podczas rejestracji w formularzu <br>&#8211; naklejki startowe 2szt na pojazd, <br>&#8211; Paszport Rajdu z map\u0105 i list\u0105 zada\u0144 do wykonania, <br>&#8211; pami\u0105tkow\u0105 smyczk\u0119 rajdow\u0105 oraz 2szt wlepek tej edycji Rajdu<br>&#8211; na mecie otrzymacie r\u00f3wnie\u017c dyplomy uko\u0144czenia rajdu i statuetki<br>W formularzu rejestracyjnym b\u0119dziecie mogli zam\u00f3wi\u0107 wi\u0119cej koszulek w r\u00f3\u017cnych rozmiarach, koszt ka\u017cdej jednej dodatkowej koszulki to 50z\u0142.<br>Koszulki prezentuj\u0105 si\u0119 tak jak na zdj\u0119ciu poni\u017cej, dost\u0119pne s\u0105 kroje:<br>&#8211; damskie &#8211; <a rel=\"noreferrer noopener\" href=\"https:\/\/staretloki.85studio.pl\/wp-content\/uploads\/2024\/03\/129-product_size_damskie-scaled.jpg\" data-type=\"URL\" data-id=\"https:\/\/staretloki.85studio.pl\/wp-content\/uploads\/2024\/03\/129-product_size_damskie-scaled.jpg\" target=\"_blank\">zobacz tabel\u0119 rozmiar\u00f3w<\/a> <br>&#8211; m\u0119skie &#8211; <a rel=\"noreferrer noopener\" href=\"https:\/\/staretloki.85studio.pl\/wp-content\/uploads\/2024\/03\/129-product_size_meskie-scaled.jpg\" data-type=\"URL\" data-id=\"https:\/\/staretloki.85studio.pl\/wp-content\/uploads\/2024\/03\/129-product_size_meskie-scaled.jpg\" target=\"_blank\">zobacz tabel\u0119 rozmiar\u00f3w<\/a><br>&#8211; dzieci\u0119ce &#8211; <a rel=\"noreferrer noopener\" href=\"https:\/\/staretloki.85studio.pl\/wp-content\/uploads\/2024\/03\/138-product_size_dzieci-scaled.jpg\" data-type=\"URL\" data-id=\"https:\/\/staretloki.85studio.pl\/wp-content\/uploads\/2024\/03\/138-product_size_dzieci-scaled.jpg\" target=\"_blank\">zobacz tabel\u0119 rozmiar\u00f3w<\/a><br><img loading=\"lazy\" decoding=\"async\" width=\"600\" height=\"300\" class=\"wp-image-131\" style=\"width: 600px;\" src=\"https:\/\/staretloki.85studio.pl\/wp-content\/uploads\/2024\/03\/koszulki_fb_post_2.jpg\" alt=\"\" srcset=\"https:\/\/staretloki.85studio.pl\/wp-content\/uploads\/2024\/03\/koszulki_fb_post_2.jpg 2126w, https:\/\/staretloki.85studio.pl\/wp-content\/uploads\/2024\/03\/koszulki_fb_post_2-600x300.jpg 600w, https:\/\/staretloki.85studio.pl\/wp-content\/uploads\/2024\/03\/koszulki_fb_post_2-300x150.jpg 300w, https:\/\/staretloki.85studio.pl\/wp-content\/uploads\/2024\/03\/koszulki_fb_post_2-1024x512.jpg 1024w, https:\/\/staretloki.85studio.pl\/wp-content\/uploads\/2024\/03\/koszulki_fb_post_2-768x384.jpg 768w, https:\/\/staretloki.85studio.pl\/wp-content\/uploads\/2024\/03\/koszulki_fb_post_2-1536x768.jpg 1536w, https:\/\/staretloki.85studio.pl\/wp-content\/uploads\/2024\/03\/koszulki_fb_post_2-2048x1024.jpg 2048w\" sizes=\"auto, (max-width: 600px) 100vw, 600px\" \/><br><br>Kolejne szczeg\u00f3\u0142y wkr\u00f3tce!<br>Zaplanujcie urlopy i szykujcie swoje maszyny!<br>Do zobaczenia!<\/p>\n\n\n\n<p><\/p>\n\n\n\n<h3 class=\"wp-block-heading has-base-color has-vivid-red-background-color has-text-color has-background\">Rejestracja do II Rajdu Starych T\u0142ok\u00f3w (edycja 2024) zosta\u0142a zako\u0144czona. <\/h3>\n","protected":false},"excerpt":{"rendered":"<p>Zapraszamy wszystkich ch\u0119tnych do zg\u0142oszenia udzia\u0142u w II Rajdzie Starych T\u0142ok\u00f3w. Start w sobot\u0119 25 maja 2024 z b\u0142oni przy k\u0105pielisku &#8222;Patyki&#8221;, Kolonia \u0141obudzice, 97-425 ko\u0142o Zelowa. Motocykle wystartuj\u0105 o godzine 8:30, samochody osobowe o godzinie 9:00. Oczywi\u015bcie na rajd zarezerwujcie ca\u0142y dzie\u0144.Dlatego prosimy o przyjazd na miejsce do godziny 8:15, tak by starczy\u0142o Wam [&hellip;]<\/p>\n","protected":false},"author":1,"featured_media":0,"parent":0,"menu_order":0,"comment_status":"closed","ping_status":"closed","template":"","meta":{"footnotes":""},"class_list":["post-93","page","type-page","status-publish","hentry"],"jetpack_sharing_enabled":true,"_links":{"self":[{"href":"https:\/\/staretloki.85studio.pl\/index.php\/wp-json\/wp\/v2\/pages\/93","targetHints":{"allow":["GET"]}}],"collection":[{"href":"https:\/\/staretloki.85studio.pl\/index.php\/wp-json\/wp\/v2\/pages"}],"about":[{"href":"https:\/\/staretloki.85studio.pl\/index.php\/wp-json\/wp\/v2\/types\/page"}],"author":[{"embeddable":true,"href":"https:\/\/staretloki.85studio.pl\/index.php\/wp-json\/wp\/v2\/users\/1"}],"replies":[{"embeddable":true,"href":"https:\/\/staretloki.85studio.pl\/index.php\/wp-json\/wp\/v2\/comments?post=93"}],"version-history":[{"count":56,"href":"https:\/\/staretloki.85studio.pl\/index.php\/wp-json\/wp\/v2\/pages\/93\/revisions"}],"predecessor-version":[{"id":165,"href":"https:\/\/staretloki.85studio.pl\/index.php\/wp-json\/wp\/v2\/pages\/93\/revisions\/165"}],"wp:attachment":[{"href":"https:\/\/staretloki.85studio.pl\/index.php\/wp-json\/wp\/v2\/media?parent=93"}],"curies":[{"name":"wp","href":"https:\/\/api.w.org\/{rel}","templated":true}]}}